39052.
2, 3, 149, 19429
List the prime factors of 22885020.
2, 3, 5, 127139
List the prime factors of 2356830059.
127, 18557717
List the prime factors of 89918999.
173, 683, 761
List the prime factors of 27621223.
7, 1213, 3253
List the prime factors of 645220264.
2, 13, 1867, 3323
What are the prime factors of 194235251?
7, 17, 499, 3271
List the prime factors of 17346044.
2, 37, 117203
List the prime factors of 123580982.
2, 7, 401, 22013
What are the prime factors of 135388556?
2, 103, 373, 881
What are the prime factors of 1143775817?
139, 8228603
List the prime factors of 53882291.
53, 89, 11423
What are the prime factors of 29906789?
11, 2718799
What are the prime factors of 27891048?
2, 3, 107, 10861
List the prime factors of 1016165355.
3, 5, 3041, 22277
What are the prime factors of 2783588?
2, 283, 2459
What are the prime factors of 2340241070?
2, 5, 383, 557, 1097
What are the prime factors of 996934575?
3, 5, 7, 13, 43, 79
What are the prime factors of 5274050?
2, 5, 313, 337
What are the prime factors of 313062867?
3, 13, 19, 23, 157
List the prime factors of 27540221.
17, 1620013
What are the prime factors of 71391924?
2, 3, 1983109
What are the prime factors of 619091781?
3, 7, 11, 53, 4597
List the prime factors of 430564.
2, 107641
List the prime factors of 294812565.
3, 5, 19654171
List the prime factors of 161603490.
2, 3, 5, 83, 64901
What are the prime factors of 101971121?
7, 23, 31, 20431
What are the prime factors of 2700479637?
3, 41, 181, 40433
What are the prime factors of 79035584?
2, 17, 72643
List the prime factors of 255051339.
3, 3331, 25523
List the prime factors of 137832533.
137832533
List the prime factors of 689960013.
3, 41, 5609431
List the prime factors of 114494537.
6911, 16567
What are the prime factors of 39738098?
2, 19869049
What are the prime factors of 200428700?
2, 5, 521, 3847
What are the prime factors of 568687?
7, 137, 593
List the prime factors of 253036496.
2, 15814781
What are the prime factors of 2745409666?
2, 677, 2027629
List the prime factors of 2420056640.
2, 5, 239, 31643
List the prime factors of 174655351.
13, 107, 241, 521
What are the prime factors of 535264237?
37, 179, 80819
What are the prime factors of 44175938?
2, 22087969
What are the prime factors of 1025697213?
3, 23, 4955059
List the prime factors of 37874491.
23, 1646717
What are the prime factors of 611060469?
3, 203686823
List the prime factors of 207489589.
207489589
What are the prime factors of 619110074?
2, 11, 191, 251, 587
List the prime factors of 1389100585.
5, 53, 5241889
List the prime factors of 49686069.
3, 53, 211, 1481
What are the prime factors of 577900119?
3, 192633373
List the prime factors of 523567857.
3, 19, 9185401
List the prime factors of 158745473.
17, 89, 239, 439
What are the prime factors of 212216383?
163, 1301941
What are the prime factors of 3496019744?
2, 7, 293, 53267
What are the prime factors of 48397226?
2, 349, 69337
What are the prime factors of 219502028?
2, 17, 41, 131, 601
What are the prime factors of 247591232?
2, 7, 552659
List the prime factors of 1421100629.
13, 8513, 12841
List the prime factors of 104732973.
3, 31, 157, 797
List the prime factors of 390085448.
2, 48760681
What are the prime factors of 152293824?
2, 3, 31, 2843
List the prime factors of 73563722.
2, 67, 239, 2297
What are the prime factors of 84785376?
2, 3, 13, 41, 1657
What are the prime factors of 312889000?
2, 5, 139, 2251
What are the prime factors of 1126246474?
2, 23, 257, 95267
What are the prime factors of 757899323?
757899323
What are the prime factors of 208953856?
2, 43, 9491
What are the prime factors of 359296085?
5, 37, 1942141
What are the prime factors of 945635065?
5, 47, 73, 199, 277
What are the prime factors of 403107494?
2, 201553747
List the prime factors of 4048748089.
4048748089
What are the prime factors of 8763271?
11, 43, 97, 191
What are the prime factors of 679110865?
5, 61, 2226593
List the prime factors of 1183330376.
2, 137, 1079681
What are the prime factors of 493990405?
5, 19, 1229, 4231
What are the prime factors of 4998239151?
3, 31, 53744507
List the prime factors of 2583033632.
2, 80719801
List the prime factors of 2926285713.
3, 13, 25010989
What are the prime factors of 20378139?
3, 1021, 6653
What are the prime factors of 922990979?
17, 223, 243469
List the prime factors of 122747557.
122747557
List the prime factors of 449876428.
2, 311, 361637
List the prime factors of 7719521599.
593, 2549, 5107
List the prime factors of 681590559.
3, 13, 17476681
List the prime factors of 891967140.
2, 3, 5, 23, 37, 647
What are the prime factors of 504104213?
17, 199, 149011
What are the prime factors of 122797846?
2, 1831, 33533
List the prime factors of 63295688.
2, 19, 416419
What are the prime factors of 61256676?
2, 3, 13, 211, 1861
What are the prime factors of 28345888?
2, 47, 401
List the prime factors of 48967485.
3, 5, 7, 466357
What are the prime factors of 733271338?
2, 366635669
List the prime factors of 916154139.
3, 305384713
What are the prime factors of 92185746?
2, 3, 15364291
List the prime factors of 144622859.
17, 223, 38149
What are the prime factors of 60165880?
2, 5, 1504147
List the prime factors of 6365517014.
2, 13183, 241429
List the prime factors of 8085990.
2, 3, 5, 11, 107, 229
List the prime factors of 552479827.
552479827
What are the prime factors of 1753566121?
1753566121
List the prime factors of 38940774.
2, 3, 31, 209359
What are the prime factors of 1388796365?
5, 11, 53, 347, 1373
List the prime factors of 72488297.
7, 409, 3617
What are the prime factors of 72407850?
2, 3, 5, 482719
What are the prime factors of 3677399851?
3677399851
What are the prime factors of 3714761617?
7, 4861, 109171
What are the prime factors of 57201100?
2, 5, 11, 149, 349
What are the prime factors of 35976893?
35976893
What are the prime factors of 3380143428?
2, 3, 93892873
List the prime factors of 2921920808.
2, 11777, 31013
List the prime factors of 87587590.
2, 5, 73, 119983
List the prime factors of 45153348.
2, 3, 19, 29, 6829
List the prime factors of 100559361.
3, 7, 4788541
What are the prime factors of 9092501?
11, 17, 48623
What are the prime factors of 104424563?
29, 3600847
List the prime factors of 196434907.
53, 617, 6007
What are the prime factors of 126173263?
191, 660593
What are the prime factors of 580302973?
17, 5003, 6823
List the prime factors of 12130626.
2, 3, 19, 97, 1097
What are the prime factors of 245546272?
2, 19, 251, 1609
List the prime factors of 31931948.
2, 41, 194707
List the prime factors of 9666301.
9666301
List the prime factors of 299708173.
907, 330439
What are the prime factors of 372893892?
2, 3, 7, 4439213
What are the prime factors of 63102806?
2, 13, 73, 33247
List the prime factors of 30610791.
3, 377911
List the prime factors of 133295231.
133295231
What are the prime factors of 333056930?
2, 5, 43, 774551
What are the prime factors of 132706607?
11, 17, 193, 3677
What are the prime factors of 768389971?
23063, 33317
List the prime factors of 1119292369.
13, 86099413
What are the prime factors of 1090058884?
2, 1609, 169369
What are the prime factors of 89849069?
661, 135929
What are the prime factors of 5925005969?
5925005969
List the prime factors of 35399564.
2, 41, 215851
What are the prime factors of 322415291?
11, 29310481
What are the prime factors of 154302816?
2, 3, 1607321
What are the prime factors of 7007726127?
3, 101, 23127809
List the prime factors of 451890939.
3, 2557, 58909
List the prime factors of 410227304.
2, 41, 461, 2713
What are the prime factors of 1134167866?
2, 13, 673, 64817
What are the prime factors of 456112510?
2, 5, 7, 6515893
List the prime factors of 52819848.
2, 3, 19, 38611
List the prime factors of 124194087.
3, 307, 14983
List the prime factors of 361954225.
5, 17, 53, 16069
List the prime factors of 32788317.
3, 23, 43, 257
What are the prime factors of 717079515?
3, 5, 3709, 12889
List the prime factors of 63296016.
2, 3, 7, 257, 733
List the prime factors of 2112621477.
3, 704207159
List the prime factors of 39085926.
2, 3, 11, 19, 71, 439
List the prime factors of 437949137.
437949137
What are the prime factors of 403117279?
3067, 131437
List the prime facto